est common factor of 1 and u?
1
Let w(d) = d**3 + 54. Let g be w(0). Calculate the highest common factor of 6 and g.
6
Let u = 33 - 9. What is the greatest common factor of 36 and u?
12
Let b = -4 + 7. Suppose d - 4*d - 3 = 0, b*y = -4*d + 11. Calculate the highest common factor of 15 and y.
5
Suppose 9*c + 122 = 491. Calculate the highest common divisor of c and 205.
41
Let h(o) = 7*o**2 - 5*o. Let v(g) = -5*g. Let w be v(-1). Let q be h(w). Let b = -14 + q. What is the greatest common divisor of b and 17?
17
Let g = -23 + 41. Calculate the greatest common factor of 72 and g.
18
Suppose -81 = -4*p - 3*f, 5*p - 71 = -4*f + 31. Let k(r) = 2*r + 7. Let l be k(-5). Let n = l + p. Calculate the greatest common divisor of 45 and n.
15
Let y be (-5)/60*4 - (-55)/3. What is the greatest common factor of y and 306?
18
Let u(f) = 2*f - 14. Let z be u(8). Suppose -3 - z = -5*o. What is the greatest common factor of o and 1?
1
Suppose -4*c + 10 - 30 = 0, 2*c + 98 = 4*q. Let h = 35 - q. Let m(k) = -2*k - 7. Let y be m(-10). What is the greatest common factor of y and h?
13
Suppose -33 = -6*r + 15. What is the highest common divisor of r and 88?
8
Let g = -2 + 5. Let s(a) = 5*a - 3*a - 3*a + 4. Let t be s(-5). Calculate the greatest common factor of g and t.
3
Let u be 1782/77*(-1)/((-9)/42). Calculate the greatest common divisor of 72 and u.
36
Suppose 3*g + 76 = 5*k - 538, g = -3*k + 374. Calculate the greatest common divisor of 310 and k.
62
Let h(a) = -1 + 0 + 3 + a. Let m be h(-4). Let b(l) = -9*l**3 - 3*l - 1. Let n be b(m). Calculate the greatest common divisor of 11 and n.
11
Let d(y) = y**3 + 8*y**2 - 3*y - 6. Let j be d(-5). Suppose -4*f - f - 50 = 0. Let h be j/15*f/(-4). Calculate the greatest common divisor of h and 98.
14
Let f = 4 - -2. Suppose -2*h + 44 = -0*h. Suppose -5*w + 112 - h = 0. What is the greatest common divisor of w and f?
6
Let a be (-880)/(-7) + 3*(-6)/(-63). Calculate the greatest common factor of 14 and a.
14
Let a(i) = 2*i**2 - i + 1. Let l be a(1). Let t = 5 + -3. What is the greatest common divisor of l and t?
2
Suppose 8 - 1 = -k. Let h = 0 - k. Calculate the highest common divisor of h and 49.
7
Let s be 78/(-10) + 2/(-10). Let f(a) = -a**3 - 9*a**2 - 10*a - 6. Let n be f(s). Calculate the greatest common factor of 4 and n.
2
Let b be (32/6 - -2)*3. Let l(v) = -2*v**2 - 2*v. Let r be l(2). Let h = r + 23. Calculate the greatest common factor of b and h.
11
Let w(d) = -d**3 + d + 30. Let a be w(0). Let y be 10/(-8) + (-87)/(-12). Calculate the greatest common divisor of a and y.
6
Suppose 0 = 3*g - g - 24. Suppose -l = -24 - g. Suppose -3*h - 2*w + 50 = 0, -5*h + w = -20 - 72. What is the greatest common factor of h and l?
18
Let s = -40 - -72. Suppose 2 + 14 = -u - 5*k, 2*u - 2*k = -s. Let v = 26 + u. Calculate the highest common divisor of 30 and v.
10
Suppose r - 6*r + 15 = 0. Suppose 0 = -r*b + 170 + 193. Let j = 17 + -6. What is the highest common divisor of j and b?
11
Let g(b) be the second derivative of -5*b**3/6 + b**2 - 2*b. Let s be g(-6). What is the greatest common divisor of s and 4?
4
Let k(u) = u. Let q be k(0). Let r be 2 - (q + -3 + -27). Let y be ((-1)/(-1) - -1)*2. What is the greatest common factor of r and y?
4
Let v = -6 + -10. Let m = v + 18. What is the highest common factor of 14 and m?
2
Suppose 4*h - 8*h = -2*q + 8, -5*h - 19 = -4*q. Calculate the highest common factor of q and 30.
6
Suppose 4*b - 5*r = b + 845, -2*r = -4*b + 1122. Suppose -3*o - 5*m + b = 2*o, -4 = m. What is the highest common divisor of 24 and o?
12
Suppose -4*l - 38 = c + 2*c, 2*l = -3*c - 34. Let h be (-5)/(-2)*(-32)/c. What is the highest common factor of h and 20?
4
Let b(c) = -c**2 - c + 4. Let m(f) = f**3 - 6*f**2 + 5*f. Let w be m(5). Let p be b(w). What is the highest common factor of p and 20?
4
Suppose 5*i - 2 = 3, -25 = 2*t - 3*i. Let h(y) = 7*y - 2. Let n be h(3). Let x = n + t. Calculate the greatest common divisor of 88 and x.
8
Let m(j) = j**3 + 7*j**2 + 6*j + 9. Let f be m(-6). What is the greatest common factor of f and 1?
1
Let x(p) = 31*p**3 + 3*p**2 - 1. Let z be x(1). What is the highest common factor of z and 33?
33
Let u be (0 + 0)/(2 - 0). Let v(t) = 4 + u - t**2 + 1 + 2*t**2 - 6*t. Let m be v(6). Calculate the highest common factor of 5 and m.
5
Let s = 140 + -100. Let o = 179 - 163. What is the greatest common factor of o and s?
8
Suppose -g + 15 - 5 = 0. Let d = -32 + 52. Calculate the highest common factor of g and d.
10
Let b(k) = k**3 + 9*k**2 - 10*k + 14. Let g = 21 + -31. Let r be b(g). Calculate the greatest common divisor of 70 and r.
14
Suppose -3*l = -2*l - 3. Suppose -l*k = -0*k - 3. Calculate the greatest common factor of k and 3.
1
Let p(k) = -6*k + 45. Let l be p(-14). Calculate the highest common divisor of l and 86.
43
Let f(t) = -t + 18. Let h be f(14). Calculate the highest common divisor of h and 32.
4
Let r(j) = 3*j - 7. Let p be r(5). Let k be 40/(-3)*(-12)/10. What is the greatest common divisor of p and k?
8
Let s be -36*2*(-3)/12. Suppose l = -l - s. Let i be (-96)/l + 1/3. Calculate the greatest common divisor of i and 33.
11
Let s = -44 + 196. Let r(g) = -g**3 + 13*g**2 - 10*g - 5. Let w = 12 + 0. Let n be r(w). What is the greatest common divisor of n and s?
19
Suppose -3*g + 4*t = -63 - 28, 2*g - 63 = 5*t. Suppose g - 81 = -4*o. What is the highest common divisor of o and 104?
13
Let m = 948 + -326. Suppose -2*y = -3*z - 312, 4*y - 3*z = 2*z + m. What is the greatest common factor of 17 and y?
17
Suppose 3*p + 10 = -2*y - 34, 5*p + 44 = -2*y. Let x = y - -44. Suppose 7 = 4*m - 1. Calculate the greatest common factor of x and m.
2
Suppose -2*w - 2*w + 4*z + 36 = 0, 4*z = -3*w - 1. Let c = 143 + -98. Calculate the greatest common divisor of c and w.
5
Suppose -4*f + 5*s = 3*s - 36, 4*f = -5*s + 36. Let u be (-1)/(-3) + (-188)/(-3). Calculate the highest common factor of u and f.
9
Suppose 3*h - 5*m + 28 = 0, -h - 3*m = m + 32. Let t be (-276)/h + (-6)/(-8). Let a = t + 18. Calculate the highest common divisor of a and 9.
9
Let c(q) = 4*q**2 - 2*q + 2. Let y be c(-2). Calculate the greatest common factor of y and 154.
22
Suppose -3*m - 28 = -7*m. Suppose m*q - 2*q - 2*y = 66, -5*q + 4*y + 62 = 0. What is the highest common divisor of 2 and q?
2
Let f = 3 - 0. Suppose -f*n + 63 = -99. Suppose 0 = -g + 1, 0 = 4*c + 4*g - 144 - 4. What is the highest common factor of c and n?
18
Let p = 0 - 4. Let o be 80/(-6) - 3/(-9). Let w = p - o. Calculate the highest common divisor of 63 and w.
9
Let o be 2/(-6) + 40/12. Suppose 0 = 2*x, x + 4*x = g - o. Suppose -3*m - 5*p + 78 = 0, -g*p - 2 + 11 = 0. Calculate the greatest common factor of 3 and m.
3
Suppose -5*v - 2*f = -96, 5*v - 47 = -3*f + 47. Suppose -v*y + 45 = -15*y. Calculate the greatest common factor of y and 72.
9
Suppose -5*g + 35 = 4*j, -3*j + 33 = 5*g - 2. What is the highest common factor of g and 14?
7
Suppose 5 = 5*i - 15. Calculate the highest common factor of 12 and i.
4
Suppose -27 - 233 = 5*r. Let t = 53 - r. What is the greatest common factor of 42 and t?
21
Let x(s) = -s**2 - 4*s + 3. Let u be x(-5). Let b(w) = 16*w**2 - w - 2. Let z be b(u). What is the greatest common divisor of z and 160?
32
Let a(o) = 3*o**2 + 5. Let k be a(-5). Let b = 8 + 2. Let w be b - -2 - (2 + 0). Calculate the greatest common factor of k and w.
10
Let g(m) = 78*m**2. Let i be g(1). Suppose -4*c + 2 + i = 0. What is the highest common divisor of c and 100?
20
Let z = 7 - 5. Suppose 2*t = -z*t + 32. Suppose -2*j = -t, 4*x - 150 = -x + 5*j. What is the greatest common divisor of 85 and x?
17
Let m(q) = -q**3 + 2*q**2 + 2*q - 2. Let t be m(2). Suppose -5*s = 3*f - 4, -2*f = -3*f + 4*s + 24. What is the greatest common factor of t and f?
2
Let y = 27 - 19. Let i(b) = -b**3 + 16*b**2 - 14*b + 9. Let z be i(15). Calculate the greatest common divisor of y and z.
8
Suppose -77 + 5 = 4*g + 3*i, -2*i + 113 = -5*g. Let x = g + 34. Calculate the highest common factor of x and 78.
13
Suppose -5*g - 6*i + 9*i + 303 = 0, i = -2*g + 119. What is the highest common factor of g and 36?
12
Suppose -56 = -19*i + 12*i. Calculate the highest common factor of 12 and i.
4
Let p(c) = -11*c. Let z be p(-1). Suppose -7 = 3*q + l + 3*l, l = -5*q + z. What is 